alculate the highest common divisor of v and w.
14
Let r be 1595/((-20)/(4 - -1) + (-3 - -8)). What is the highest common divisor of r and 110?
55
Let k(m) = -465*m + 4195. Let l be k(9). Calculate the greatest common factor of 118 and l.
2
Let w(u) = -14 + 6 + 0 + u**2. Let l be w(5). Suppose -2*g + 29 = -l. What is the greatest common divisor of 92 and g?
23
Suppose 2 = g - 4. Let d be (6 - 1)/(2 + -2 + 1). Suppose d*c - 4*w - 166 = 0, -c + 13 = 4*w - 1. What is the highest common factor of g and c?
6
Let u(p) = 6*p + 3. Let d be u(6). Let r = 387 - 391. Let b(v) = -89*v - 5. Let n be b(r). Calculate the greatest common divisor of d and n.
39
Let m be (2/(-4))/(8/(-2304)). Suppose 5*v - 4*v - m = 0. Suppose 4*q = s + 245, -v = -2*q - 4*s - 44. Calculate the greatest common divisor of q and 15.
15
Let d(a) = -a**3 + 14*a**2 + 15*a + 13. Let q = 44 + 44. Let x = -73 + q. Let f be d(x). Calculate the highest common divisor of f and 13.
13
Let p = 2 + 0. Suppose -3*i - 53 = -5*n, 0 = p*i + 1 + 1. Calculate the highest common divisor of n and 160.
10
Let i = 640 + -642. Let l be (-166)/(-6) - 3/18*i. Calculate the greatest common factor of l and 840.
28
Let f(i) = 12*i + 10*i**2 - 14*i**2 + 17*i**2 + i**3 + 4. Let z be f(-12). Let y be 22 - z*(-4)/8. What is the greatest common factor of 192 and y?
24
Let j(r) be the first derivative of -2*r**3/3 + 13*r**2/2 + 2*r - 44. Let t be j(6). What is the greatest common divisor of 2 and t?
2
Suppose 235 = 3*n + 163. Let q be (-1)/(((-12)/n)/((-1)/(-2))). What is the greatest common divisor of 10 and q?
1
Let t = 13839 - 207. What is the highest common factor of t and 48?
48
Suppose 0 = -3*l + 3*p + 798, p + 12 = 4*p. What is the greatest common factor of 864 and l?
54
Let l = 12341 - 12334. Suppose -2*s - s = -3. Calculate the highest common factor of s and l.
1
Let c be 6/(3/(-2 - 1)). Let t(v) = 31 - 81 + 23 - 6*v + 29. Let n be t(c). What is the greatest common factor of 57 and n?
19
Let t(q) = -q**3 - 6*q**2 - 8*q - 5. Let u be t(-8). Suppose -318*n = -275*n - 473. Calculate the highest common factor of n and u.
11
Let r = -1816 - -1881. Calculate the highest common factor of r and 1079.
13
Let b(a) = 2*a**2 - 2*a - 3. Let p be b(-5). Suppose -105*w - 17024 = -226*w - 103*w. Calculate the highest common factor of p and w.
19
Let a(n) = 52*n - 35. Let x be a(27). Let j = -766 + x. Calculate the greatest common divisor of j and 67.
67
Let n be (4 - 2) + 20/2 + 8. What is the greatest common factor of 106 and n?
2
Let d be ((-7)/7 - 5)*(-3 + 2). Let g = 3 - 1. What is the greatest common factor of g and d?
2
Let s(m) = 3*m**2 - 47*m + 97. Suppose 26*y = 9*y + 34. Let z be s(y). Calculate the greatest common divisor of z and 1095.
15
Suppose 27 + 1 = w. Let q = 674 + -641. Suppose 79*l - 77*l = -3*d + 29, -d = 4*l - q. Calculate the highest common divisor of w and l.
7
Suppose 2*i + 8 = 0, -5*n + 0*i + 4*i = 169. Let l = 61 + n. Let f be (-96)/(-9) - 44/(-33). What is the greatest common divisor of f and l?
12
Let u(a) = a**2 + 15*a + 24. Let o be u(0). Let s(l) = -2*l**3 + 12*l**2 - 6*l + 4. Let j be s(5). Calculate the greatest common factor of j and o.
24
Let d(g) = -g**3 + 14*g**2 - g + 8. Let x be d(14). Let w be (x/(0 - 1))/(48/32). Let f be 558*(14/w - 3). Calculate the highest common divisor of 31 and f.
31
Let f(k) = -629*k + 5192. Let c be f(8). Suppose -2*g = -g - 8. What is the greatest common factor of g and c?
8
Suppose y - 4*l = 32, 15 - 63 = -4*y - 4*l. Suppose 8 = -4*w - 2*g - y, 5*w = 5*g. Let c be (30/(-7))/(w/112). Calculate the greatest common factor of 20 and c.
20
Let v be (-1516390)/(-1702) - (-2)/37. What is the greatest common factor of 11 and v?
11
Let c = -6577 + 11308. What is the highest common factor of c and 342?
57
Let u = -87 - -118. Let m(x) = 4*x + 15*x**2 - u - 3*x + x**2 - 5*x + x**3. Let z be m(-16). Calculate the highest common divisor of 231 and z.
33
Let o(v) = 12*v + 131. Let i = -226 + 238. Let m be o(i). Calculate the highest common divisor of 25 and m.
25
Let a = 5783 - 5738. Suppose -x = -2*r - 20, -12 = -2*x + 3*r + 27. What is the highest common divisor of a and x?
9
Suppose 483*m - 1796570 = 651757. Calculate the greatest common divisor of 411 and m.
137
Suppose -62*p - 65*p = -121*p - 84. Calculate the highest common factor of p and 28.
14
Let h(t) be the second derivative of 23*t**3/6 + 51*t**2/2 - 15*t + 3. Let x be h(0). What is the greatest common divisor of x and 17?
17
Let z = 199819 + -199801. Let y = -12 + 22. Suppose -y - 44 = -2*p. Calculate the highest common factor of z and p.
9
Let r(k) = -k**2 - 67*k - 655. Let m be r(-14). What is the greatest common divisor of m and 9860?
29
Let x = 6626 + -6588. What is the greatest common factor of x and 2489?
19
Suppose 5247 = q + 2*a, -33*q - 20964 = -37*q - 2*a. Calculate the highest common divisor of 31 and q.
31
Suppose 0 = 2*m - 361 - 361. Suppose -42*n + 32 = 3*z - 37*n, -51 = -4*z - 5*n. What is the greatest common divisor of m and z?
19
Let w = -126 - -206. Let l be 3 + 72/5 - 32/w. Calculate the greatest common divisor of l and 527.
17
Let i = 9 + 203. Suppose -2*u + i = -4. Calculate the highest common divisor of 12 and u.
12
Let i be (-3)/((21/(-12) - 1) + 2). Suppose 2*s - 3 = -o, i*o + 0*s - 2 = 2*s. Suppose 0 = 4*m - 46 + 10. Calculate the greatest common factor of m and o.
1
Suppose -420*s + 424*s + 3*r - 1229 = 0, r + 1233 = 4*s. What is the greatest common divisor of 286 and s?
22
Suppose -4*o = 4*w - 36, 0 = 2*o - 2*w - 13 - 1. Suppose 8 = 48*a - 60 - 28. Calculate the greatest common factor of o and a.
2
Let n = -174 + 183. Suppose n*j - 606 = 15. Calculate the greatest common factor of j and 161.
23
Let t = -8723 + 13726. Suppose 4*y - y = 4*d + 3729, 0 = 4*y + 5*d - t. Calculate the greatest common factor of y and 43.
43
Let f(s) = 17*s - 154 + s**2 - 2*s**2 + 130. Let g be f(12). What is the greatest common factor of 204 and g?
12
Let a = -30136 - -32392. What is the greatest common factor of a and 816?
48
Let z = -54 + 154. Calculate the greatest common factor of 3 and z.
1
Suppose -22*o + 2496 = -18*o. What is the greatest common factor of o and 130?
26
Let k(v) = -278*v - 568. Let r be k(-3). What is the greatest common divisor of 171 and r?
19
Let k be (30/(-20))/(3/(-140)). Calculate the greatest common divisor of 5530 and k.
70
Let y = -24 + 19. Suppose -62*h = -65*h + 15. Let j = h - y. Calculate the greatest common factor of j and 4.
2
Suppose -2*k - 4*o + 26 = -36, 5 = 5*o. Suppose 17944 = 53*s + 5648. What is the highest common divisor of s and k?
29
Suppose -k + 24 = -2*q, 5*k - 89 - 40 = q. Let i(p) = 4*p**2 - 2*p - 23. Let c be i(-9). Let h = 345 - c. What is the highest common divisor of k and h?
26
Let i = 169 - 107. Suppose -5*x + 118 = -2*d, -3*x - d + 11 + i = 0. Let h = -8 + x. Calculate the greatest common factor of h and 12.
4
Let p be (-2)/9 - 145/(-45). Suppose 10 = p*l - l. Let h(v) = 1961*v - 25458. Let m be h(13). What is the highest common factor of m and l?
5
Let z be (-27)/(-216) + ((-37314)/(-112) - (-12)/(-42)). Calculate the highest common divisor of z and 2664.
333
Suppose -2*p - 72 = g - 162, -5*g - p = -405. What is the greatest common factor of g and 640?
80
Let z = 1474 + -1414. What is the greatest common factor of z and 410?
10
Let u = 22 + -21. Suppose -2*c - u = -3*c. Let z(r) = 13*r**3 + r**2 + 2*r - 3. Let x be z(c). What is the highest common divisor of 1 and x?
1
Let i = 4707 + -3855. Calculate the greatest common factor of 71 and i.
71
Suppose x - 183 - 25 = 0. Suppose -w + x = -0*w - 2*v, -2*v = 5*w - 980. Calculate the highest common divisor of w and 18.
18
Let r(y) = 2202*y**2 + 644*y - 1284. Let i be r(2). What is the greatest common divisor of i and 4?
4
Let p(h) = 45*h - 30. Let n be p(1). Let y(a) = -a**3 + 14*a**2 + 26*a - 6. Let b be y(n). Calculate the greatest common factor of 3 and b.
3
Suppose 0 = 2*d + 73 - 1. Let h be (d/(-24))/(18/8 - 2). Suppose -13 = h*i - 175. What is the greatest common divisor of i and 18?
9
Let q be 1895/25 - (-36)/30. Suppose 111 = -5*f + 286. What is the highest common factor of f and q?
7
Let k(l) = -16*l - 36. Let f be k(-16). Let y(h) = -h**3 + h**2 + 7*h - 6. Let a be y(4). Let r = a + 